?
True
Suppose 760 = x + 3*x. Let b be (-14)/(-2) + 25 + -27 - 294. Let d = x - b. Is d a composite number?
False
Let o = -201 - -188. Is (3 - 2) + o/((-39)/7704) composite?
True
Suppose 0 = 4*d + 76 - 228. Suppose d*r + 8 = 42*r. Suppose -143 = -v + 4*t, -5*t - 464 = -5*v + r*v. Is v composite?
False
Let c = 444 + -439. Is -3 - 2*(-6265)/c a composite number?
False
Let i(h) = -4105*h**3 + 4*h**2 - 5*h - 23. Is i(-3) prime?
True
Let v = 76030 - 50343. Is v composite?
True
Suppose 14*t = 12*t + 5856. Suppose 0 = d + 4*j - 2923, 0*j = d - j - t. Is d a prime number?
True
Let u be 1 - (-9 - -1)/(8/28). Let s = 15 - u. Is ((-211)/(-2))/(6 - (-77)/s) prime?
True
Let n = 92393 + -63751. Is n a prime number?
False
Suppose -153395 = -2*j + 5*z, -2*z - 383516 = -5*j + z. Let x = -39732 + j. Is x composite?
False
Let t(x) = 4*x**2 + 6*x - 23. Let s = 99 - 92. Let n be t(s). Let u = n + 364. Is u a prime number?
False
Suppose 2*k - 97368 = 5*p, -3*k - 78*p + 75*p = -146073. Is k prime?
False
Let g(x) = 2*x**2 + 11*x + 8. Let b be g(-5). Suppose 0*d + 2320 = b*d - 5*l, -4*d + 3*l + 3086 = 0. Suppose -3*m = d - 3431. Is m a prime number?
True
Let v(k) = -82*k - 3*k**2 - 82*k + 595*k**3 + 160*k + 7. Is v(3) composite?
False
Let f(t) = 9*t**3 - 16*t**2 + 21*t + 40. Let i be f(12). Suppose -5*p + 21630 = -j, 2*p + 4906 = 4*j + i. Is p a prime number?
True
Let i be -3 + 9 + 72/(-6). Is (2 + -3)*1938/i composite?
True
Let x(i) = -i**2 + 223. Suppose 0 = -3*d - 6, -3*u + 3*d - 4*d = -7. Suppose 5*j = u*j. Is x(j) prime?
True
Let t(s) = s + 4. Let f be t(-4). Let r(a) = -2*a + 13. Let i be r(f). Is 0 - 0 - 0 - (-6721)/i a prime number?
False
Let w = -388 + 384. Let f(a) = -178*a**3 - a**2 - 7*a - 3. Is f(w) composite?
True
Let y = 300 + -302. Let p(s) = 8*s - 3. Let x be p(3). Let z = y + x. Is z a composite number?
False
Suppose -878*k = -923*k + 1008405. Is k prime?
True
Let u(m) = 351*m**2 + 126*m - 791. Is u(6) composite?
False
Let j = 56116 - 32457. Is j a prime number?
False
Suppose -47*g - 3*t + 270635 = -45*g, -2*t + 135317 = g. Is g a composite number?
False
Suppose 2*h + 11 = -h - 4*u, -5*h = 2*u + 37. Let l = h + 13. Is l/4*-3 - -240 prime?
False
Let r(u) be the first derivative of 11*u**3 + 19*u**2/2 + 59*u - 21. Is r(-8) prime?
False
Suppose -8 = -14*h + 16*h. Is -2 + 6 + (h - -1383) prime?
False
Let h = -44 - -63. Suppose -15*t = -h*t + 4768. Is ((-7)/14)/((-4)/t) a composite number?
False
Let w be ((-14)/(-7) + -3)*-1*8873. Is w + 0/(-21) + (0 - -6) a composite number?
True
Let s = -1104838 + 1892967. Is s prime?
True
Is ((-10)/4 - -1) + (-3485)/(-2) composite?
False
Suppose 0 = -4*s - 3*i - 33, -3*s - 18 - 14 = -5*i. Suppose 11*c + 195145 - 46821 = 0. Is -1 + c/s - 10/45 composite?
True
Let l(m) = 2*m**2 + 15*m + 46. Let z be l(-33). Suppose 12*g - 2039 - z = 0. Is g a prime number?
False
Let v(z) = 5*z**2 - 10*z**3 + 6 - 2*z + 5*z + z. Let w be 70/(-42)*(-6 - -9). Is v(w) composite?
False
Suppose 5*u - 27 = -4*u. Let p be (0 + 1300/3)*u/2. Suppose -5*d + 304 = b, d = 2*b - 3*d - p. Is b a composite number?
True
Suppose 0 = -28*v - 157059 + 2406047. Is v a prime number?
False
Let r(l) = 21*l**2 - 6*l + 9. Let z be r(-6). Suppose 2*w - 3*x = -2*x + 1, 4*x - 17 = w. Suppose 3*d - 2*d = -q + z, -w*d = 2*q - 1600. Is q prime?
False
Suppose 0 = 18*m - 43*m - 15*m + 6695800. Is m a prime number?
False
Suppose -226124 = 22*y + 44058. Suppose 6554 = -2*z - 7138. Let r = z - y. Is r prime?
False
Let l = 168 - -141. Let u be l - (-5)/((-10)/(-8)). Suppose q = -3*f - 2*q + 864, -4*q = -f + u. Is f a prime number?
True
Let q(f) = 91*f - 857. Let k be q(10). Let o = -293 + 474. Suppose 0 = -6*p + k + o. Is p a prime number?
False
Let t = -106 + 113. Let q be -1*(-21)/(-3)*6/t. Is q + 3480/18 - (-2)/(-6) composite?
True
Suppose 11 = 5*d - 9. Let b be (4 - 213/d)/(1/(-4)). Let g = b - -2. Is g a prime number?
True
Suppose -5464 = 5*w - 5*l + 18541, l = 2*w + 9602. Let v = w + 10298. Is v composite?
True
Let u be (-24)/(-7 - 1) - -12566. Suppose -u - 6778 = -3*y. Is y a prime number?
True
Suppose -5*d + 37892 = 4*v, -3*d + 3*v + 15143 = -d. Suppose -i + 4*i = a + 22678, i + 3*a = d. Is i a prime number?
True
Suppose 0 = -0*f + 5*f - 335. Let d = 338 - f. Is d prime?
True
Is (-27)/(-3)*3974 - (-12)/(108/45) composite?
False
Suppose 0 = h + 2*l - 39, -h - 5*l - 25 + 73 = 0. Let t be (6*(-31)/5)/(129/(-430)). Let o = t + h. Is o a prime number?
True
Suppose 497*c = 514*c - 264265. Is c composite?
True
Let s = 4068 + 4937. Is s a composite number?
True
Suppose -3015 = 8*l - 1127. Let c = 72 + 111. Let m = c - l. Is m a prime number?
True
Let t(l) = -313*l + 69. Let c be t(-17). Suppose -10812 = -4*q - 2*v, 13*q = 11*q - 5*v + c. Is q a composite number?
True
Let r = -101 + 121. Let m = r - 20. Suppose 2*x - 2*z + 7*z - 2697 = m, 5*x - 6815 = 2*z. Is x prime?
True
Let f be (-3)/(18/(-100))*120/50. Is 27271/3 + f/60 a prime number?
True
Let g(i) = -235*i + 48. Let t(m) = -3*m + 83. Let x be t(30). Is g(x) prime?
True
Let r(k) = 49*k - 196. Let g be r(4). Suppose 3*u = 4*p - 13422 + 37125, 3*u + 4*p - 23703 = g. Is u prime?
True
Is (-5 - (-3 + -3))*(-3610273)/(-17) composite?
False
Let d = 303865 + -159438. Is d composite?
False
Let z = 60803 - -47168. Is z prime?
True
Let v be 8*(-1)/(3/((-309)/(-4))). Is (-103)/(v/34 - (2 + -8)) prime?
False
Let g be (-7 - -1028)*(6 + (1 - 2)). Let w = g + -1612. Is w a composite number?
True
Let l = -351129 + 641515. Is l composite?
True
Let h = -155636 + 545073. Is h a prime number?
True
Suppose c - 660 = -j - 0*j, -j = 4*c - 663. Let d = -1490 + j. Is (d/(-2))/(39/6 - 6) a prime number?
False
Is (-185598)/(-2) + (-90)/15 a prime number?
False
Suppose -26*n + 15*n - 550790 = -16*n. Is n a composite number?
True
Suppose 11*x + 138 = -511. Let r(g) = 167*g**3 - 2*g**2 + 2*g - 4. Let f be r(2). Let o = f - x. Is o a prime number?
False
Suppose 23*p + 39369 = 229970. Is p prime?
True
Let a(d) = 7*d**3 - 3*d**2 - 6*d + 13. Suppose 5*c - 28 = -2*s, -3*s = -2*c - 1 - 3. Let h be a(s). Suppose 0 = 8*k + h - 2285. Is k prime?
False
Let v(j) = -j**3 + 7*j**2 + 13*j + 7. Let c be v(9). Let t = c + 18. Let g = t - -269. Is g a prime number?
False
Let w(r) = 15*r + 61. Let f be w(-10). Let l = f - -93. Suppose -1942 = -3*b + 5*o, -l*o = 3*b + b - 2600. Is b a prime number?
False
Let v = 61 - 50. Suppose v*i = 2*i + 1251. Suppose 2*k - i = 119. Is k a prime number?
False
Let z = -358 + 352. Is (-28)/z*(-12723)/4*-2 a prime number?
False
Let f be (-2 - (-54)/30)/(1/(-15)). Suppose 0*x - x = -5*z - 1444, 3*x - 4314 = -f*z. Is x a prime number?
True
Suppose 155*w = 853804 + 104871. Is w prime?
False
Let u(b) = -326*b - 2229. Is u(-44) prime?
False
Let h be 72/(-48)*44/(-6). Suppose 7*c - h*c + 4 = 0. Is (2 - 6096)/(c - 3) composite?
True
Let a = -47380 - -96131. Is a a prime number?
True
Suppose -165*g = -3574006 - 3391707 - 8429612. Is g prime?
False
Let n = -816 + 567. Let g = -89 - n. Let t = -26 + g. Is t a prime number?
False
Suppose 4*q = 6*q. Suppose 30*o - 28*o - 7102 = q. Is o composite?
True
Suppose 0 = -54*d + 158*d + 113*d - 83319971. Is d a prime number?
True
Let i(x) = -22213*x + 11279. Is i(-8) composite?
False
Suppose -187891 = -3*u - 2*w, u + 5*w + 32853 = 95466. Is u prime?
True
Let i(x) be the third derivative of -17*x**6/60 + x**5/60 + 15*x**2. Let w be i(-2). Suppose 5*l + w = 4*d, -4*d + 3*d + 54 = -5*l. Is d a composite number?
True
Let t(s) = -4858*s + 725. Is t(-3) composite?
False
Let d(f) = f**3 + 10*f**2 + 4*f - 11. Let m(a) = -a**2. Suppose -4*i = -2 - 2, -b = -i. Let v(w) = b*d(w) - 3*m(w). Is v(-10) composite?
True
Let l(n) = -4*n**3 - 7*n**2 + 20*n + 63. Let b = 72 - 82. Is l(b) a composite number?
False
Suppose -3*u + 5817 + 2130 = 0. Let g be 5/(-20) + u/4. Is g/3*(-4)/24*-9 a prime number?
True
Is 1 + 2 + -6 + 5829864/12 a composite number?
False
Let f be (-12)/(-18) + (-350)/3. Let a be (f/5)/(8/(-20)). Suppose 4*z - a = 26. Is z composite?
True
Is (25 - (-3216)/32)*1858 a composite number?
True
Suppose 171*l - 71*l = 84*l + 1212016. Is l prime?
False
Let y = 219 - 172. Suppose y*p + 11073 = 50*p. Is p prime?
True
Let h(d) = d**3 + 56*d**2 + 24*d - 4. Is h(-9) a prime number?
False
Suppose -2*w + v = 2*v - 82